{"id":11531,"date":"2018-05-29T11:14:04","date_gmt":"2018-05-29T11:14:04","guid":{"rendered":"http:\/\/xtratheme.com\/default\/?page_id=17"},"modified":"2024-03-07T14:56:30","modified_gmt":"2024-03-07T17:56:30","slug":"fale-conosco","status":"publish","type":"page","link":"https:\/\/techmag.com.br\/site\/fale-conosco\/","title":{"rendered":"Fale Conosco"},"content":{"rendered":"<section class=\"wpb-content-wrapper\"><p>[vc_row][vc_column]<div class=\"cz_eqh cz_content_box_parent_fx  \"><div id=\"cz_50036\" class=\"cz_50036 cz_content_box clr\"><div class=\"cz_box_front clr\"><div class=\"cz_box_front_inner clr \"><span><\/span><div>[vc_row_inner equal_height=&#8221;yes&#8221; content_placement=&#8221;top&#8221;][vc_column_inner css=&#8221;.vc_custom_1705352094856{padding-right: 65px !important;padding-left: 80px !important;}&#8221; offset=&#8221;vc_col-lg-8&#8243;]<div class=\"cz_gap clr \" style=\"height: 60px\"><\/div><div id=\"cz_98773\" class=\"cz_98773 cz_title clr cz_smart_fs cz_mobile_text_center cz_title_pos_inline\"><div class=\"cz_title_content\"><div class=\"cz_wpe_content\"><h3>Fale conosco e saiba o que a TechMag pode fazer por voc\u00ea.<\/h3>\n<\/div><\/div><\/div><div id=\"cz_24324\" class=\"cz_24324 cz_title clr cz_mobile_text_center cz_title_pos_inline\"><div class=\"cz_title_content\"><div class=\"cz_wpe_content\"><p>Nossos consultores est\u00e3o prontos para tirar d\u00favidas, indicar os melhores produtos e servi\u00e7os para atender \u00e0s suas necessidades e manter sua empresa e transa\u00e7\u00f5es seguras.<\/p>\n<\/div><\/div><\/div>[vc_column_text]<div id=\"quform-640fbe\" class=\"quform quform-1 quform-theme-light quform-support-page-caching\"><form id=\"quform-form-640fbe\" class=\"quform-form quform-form-1\" action=\"\/site\/wp-json\/wp\/v2\/pages\/11531#quform-640fbe\" method=\"post\" enctype=\"multipart\/form-data\" novalidate=\"novalidate\" data-options=\"{&quot;id&quot;:1,&quot;uniqueId&quot;:&quot;640fbe&quot;,&quot;theme&quot;:&quot;light&quot;,&quot;ajax&quot;:true,&quot;logic&quot;:{&quot;logic&quot;:[],&quot;dependents&quot;:[],&quot;elementIds&quot;:[],&quot;dependentElementIds&quot;:[],&quot;animate&quot;:true},&quot;currentPageId&quot;:1,&quot;errorsIcon&quot;:&quot;&quot;,&quot;updateFancybox&quot;:true,&quot;hasPages&quot;:false,&quot;pages&quot;:[1],&quot;pageProgressType&quot;:&quot;numbers&quot;,&quot;tooltipsEnabled&quot;:true,&quot;tooltipClasses&quot;:&quot;qtip-quform-dark qtip-shadow&quot;,&quot;tooltipMy&quot;:&quot;left center&quot;,&quot;tooltipAt&quot;:&quot;right center&quot;,&quot;isRtl&quot;:false,&quot;scrollOffset&quot;:-50,&quot;scrollSpeed&quot;:800}\"><button class=\"quform-default-submit\" name=\"quform_submit\" type=\"submit\" value=\"submit\" aria-hidden=\"true\" tabindex=\"-1\"><\/button><div class=\"quform-form-inner quform-form-inner-1\"><input type=\"hidden\" name=\"quform_form_id\" value=\"1\" \/><input type=\"hidden\" name=\"quform_form_uid\" value=\"640fbe\" \/><input type=\"hidden\" name=\"quform_count\" value=\"1\" \/><input type=\"hidden\" name=\"form_url\" value=\"https:\/\/techmag.com.br\/site\/wp-json\/wp\/v2\/pages\/11531\" \/><input type=\"hidden\" name=\"referring_url\" value=\"\" \/><input type=\"hidden\" name=\"post_id\" value=\"\" \/><input type=\"hidden\" name=\"post_title\" value=\"\" \/><input type=\"hidden\" name=\"quform_current_page_id\" value=\"1\" \/><input type=\"hidden\" name=\"quform_csrf_token\" value=\"BejrenFg5mhWITjR8iNjd5slZGG1CrfddWzEWDEG\" \/><div class=\"quform-elements quform-elements-1 quform-cf quform-responsive-elements-phone-landscape\"><div class=\"quform-element quform-element-page quform-page-1 quform-page-1_1 quform-cf quform-group-style-plain quform-first-page quform-last-page quform-current-page\"><div class=\"quform-child-elements\"><div class=\"quform-element quform-element-row quform-element-row-1_11 quform-2-columns quform-element-row-size-fixed quform-responsive-columns-phone-landscape\"><div class=\"quform-element quform-element-column quform-element-1_12\"><div class=\"quform-element quform-element-text quform-element-1_3 quform-cf quform-element-required\"><div class=\"quform-spacer\"><div class=\"quform-label quform-label-1_3\"><label class=\"quform-label-text\" for=\"quform_1_3_640fbe\">Nome<span class=\"quform-required\">*<\/span><\/label><\/div><div class=\"quform-inner quform-inner-text quform-inner-1_3\"><div class=\"quform-input quform-input-text quform-input-1_3 quform-cf\"><input type=\"text\" id=\"quform_1_3_640fbe\" name=\"quform_1_3\" class=\"quform-field quform-field-text quform-field-1_3\" \/><\/div><\/div><\/div><\/div><\/div><div class=\"quform-element quform-element-column quform-element-1_13\"><div class=\"quform-element quform-element-email quform-element-1_7 quform-cf quform-element-required\"><div class=\"quform-spacer\"><div class=\"quform-label quform-label-1_7\"><label class=\"quform-label-text\" for=\"quform_1_7_640fbe\">E-mail<span class=\"quform-required\">*<\/span><\/label><\/div><div class=\"quform-inner quform-inner-email quform-inner-1_7\"><div class=\"quform-input quform-input-email quform-input-1_7 quform-cf\"><input type=\"email\" id=\"quform_1_7_640fbe\" name=\"quform_1_7\" class=\"quform-field quform-field-email quform-field-1_7\" \/><\/div><\/div><\/div><\/div><\/div><\/div><div class=\"quform-element quform-element-text quform-element-1_8 quform-cf quform-element-optional\"><div class=\"quform-spacer\"><div class=\"quform-label quform-label-1_8\"><label class=\"quform-label-text\" for=\"quform_1_8_640fbe\">Como conheceu a TechMag:<\/label><\/div><div class=\"quform-inner quform-inner-text quform-inner-1_8\"><div class=\"quform-input quform-input-text quform-input-1_8 quform-cf\"><input type=\"text\" id=\"quform_1_8_640fbe\" name=\"quform_1_8\" class=\"quform-field quform-field-text quform-field-1_8\" \/><\/div><\/div><\/div><\/div><div class=\"quform-element quform-element-radio quform-element-1_9 quform-cf quform-element-optional\"><div class=\"quform-spacer\"><div class=\"quform-label quform-label-1_9\"><label class=\"quform-label-text\" id=\"quform_1_9_640fbe_label\">Selecione abaixo:<\/label><\/div><div class=\"quform-inner quform-inner-radio quform-inner-1_9\"><div class=\"quform-input quform-input-radio quform-input-1_9 quform-cf\"><div class=\"quform-options quform-cf quform-options-block quform-options-simple\" role=\"radiogroup\" aria-labelledby=\"quform_1_9_640fbe_label\"><div class=\"quform-option\"><input type=\"radio\" name=\"quform_1_9\" id=\"quform_1_9_640fbe_1\" class=\"quform-field quform-field-radio quform-field-1_9 quform-field-1_9_1\" value=\"Revendedor\" \/><label for=\"quform_1_9_640fbe_1\" class=\"quform-option-label quform-option-label-1_9_1\"><span class=\"quform-option-text\">Revendedor<\/span><\/label><\/div><div class=\"quform-option\"><input type=\"radio\" name=\"quform_1_9\" id=\"quform_1_9_640fbe_2\" class=\"quform-field quform-field-radio quform-field-1_9 quform-field-1_9_2\" value=\"Usu\u00e1rio final\" \/><label for=\"quform_1_9_640fbe_2\" class=\"quform-option-label quform-option-label-1_9_2\"><span class=\"quform-option-text\">Usu\u00e1rio final<\/span><\/label><\/div><div class=\"quform-option\"><input type=\"radio\" name=\"quform_1_9\" id=\"quform_1_9_640fbe_4\" class=\"quform-field quform-field-radio quform-field-1_9 quform-field-1_9_4\" value=\"Trabalhe conosco\" \/><label for=\"quform_1_9_640fbe_4\" class=\"quform-option-label quform-option-label-1_9_4\"><span class=\"quform-option-text\">Trabalhe conosco<\/span><\/label><\/div><\/div><\/div><\/div><\/div><\/div><div class=\"quform-element quform-element-textarea quform-element-1_10 quform-cf quform-element-required\"><div class=\"quform-spacer\"><div class=\"quform-label quform-label-1_10\"><label class=\"quform-label-text\" for=\"quform_1_10_640fbe\">Mensagem<span class=\"quform-required\">*<\/span><\/label><\/div><div class=\"quform-inner quform-inner-textarea quform-inner-1_10\"><div class=\"quform-input quform-input-textarea quform-input-1_10 quform-cf\"><textarea id=\"quform_1_10_640fbe\" name=\"quform_1_10\" class=\"quform-field quform-field-textarea quform-field-1_10\"><\/textarea><\/div><\/div><\/div><\/div><div class=\"quform-element quform-element-recaptcha quform-element-1_14 quform-cf quform-element-required\"><div class=\"quform-spacer\"><div class=\"quform-inner quform-inner-recaptcha quform-inner-1_14\"><div class=\"quform-input quform-input-recaptcha quform-input-1_14 quform-cf\"><div class=\"quform-recaptcha\" data-config=\"{&quot;sitekey&quot;:&quot;6LdOXzAjAAAAANyEmYvD1ZmU9DCBprn9O62b-7bF&quot;,&quot;_version&quot;:&quot;v3&quot;,&quot;size&quot;:&quot;invisible&quot;,&quot;type&quot;:&quot;image&quot;,&quot;theme&quot;:&quot;light&quot;,&quot;badge&quot;:&quot;inline&quot;}\"><\/div><noscript>Please enable JavaScript to submit this form.<\/noscript><\/div><\/div><\/div><\/div><div class=\"quform-element quform-element-submit quform-element-1_2 quform-cf quform-button-style-theme quform-button-size-medium quform-button-width-full\"><div class=\"quform-button-submit quform-button-submit-default quform-button-submit-1_2\"><button name=\"quform_submit\" type=\"submit\" class=\"quform-submit\" value=\"submit\"><span class=\"quform-button-text quform-button-submit-text\">ENVIAR<\/span><\/button><\/div><div class=\"quform-loading quform-loading-position-left quform-loading-type-spinner-1\"><div class=\"quform-loading-inner\"><div class=\"quform-loading-spinner\"><div class=\"quform-loading-spinner-inner\"><\/div><\/div><\/div><\/div><\/div><div class=\"quform-element-tree\"><label for=\"quform_1_0_640fbe\">Este campo deve ser deixado em branco<\/label><input type=\"text\" id=\"quform_1_0_640fbe\" name=\"quform_1_0\" class=\"quform-field quform-field-tree quform-field-1_0\" tabindex=\"-1\" autocomplete=\"off\" \/><\/div><\/div><\/div><\/div><\/div><\/form><\/div>[\/vc_column_text]<div class=\"cz_gap clr  hide_on_tablet hide_on_mobile\" style=\"height: 0px\"><\/div><div class=\"cz_gap show_on_tablet clr \" style=\"height: 40px\"><\/div>[\/vc_column_inner][vc_column_inner css=&#8221;.vc_custom_1705351822026{margin-left: 15px !important;padding-right: 16px !important;padding-left: 16px !important;background-color: #1365ac !important;}&#8221; offset=&#8221;vc_col-lg-4&#8243;]<div class=\"cz_gap clr \" style=\"height: 60px\"><\/div><div id=\"cz_19305\" class=\"cz_19305 services clr style1 cz_sbi_fx_9a left\"><div class=\"service_custom\"><i class=\"fa czico-123-call\"><\/i><\/div><div class=\"service_text\"><div class=\"cz_wpe_content\"><span style=\"color: #ffffff;\"><a style=\"color: #ffffff;\" href=\"tel:+5511999795590\">(11) 99979.5590<\/a><\/span><br \/>\n<span style=\"color: #ffffff;\"><a style=\"color: #ffffff;\" href=\"tel:+551138482290\">(11) 3848.2290<\/a><\/span><\/div><\/div><\/div><div id=\"cz_100358\" class=\"cz_100358 services clr style1 cz_sbi_fx_9a left\"><div class=\"service_custom\"><i class=\"fa czico-092-mail\"><\/i><\/div><div class=\"service_text\"><div class=\"cz_wpe_content\"><span style=\"color: #ffffff;\"><a style=\"color: #ffffff;\" href=\"mailto:info@techmag.com.br\" target=\"_blank\" rel=\"noopener\">info@techmag.com.br<\/a><\/span><\/div><\/div><\/div><div id=\"cz_102889\" class=\"cz_102889 services clr style1 cz_sbi_fx_9a left\"><div class=\"service_custom\"><i class=\"fa czico-clock\"><\/i><\/div><div class=\"service_text\"><div class=\"cz_wpe_content\">Seg. \u00e0 Sex. : 8h00 \u00e0s 18h00<\/div><\/div><\/div><div id=\"cz_18198\" class=\"cz_18198 services clr style1 cz_sbi_fx_9a left\"><div class=\"service_custom\"><i class=\"fa czico-082-maps-and-flags\"><\/i><\/div><div class=\"service_text\"><div class=\"cz_wpe_content\">R. Manuel da Nobrega, 211<br \/>\nCj 91 \u2013 Para\u00edso<br \/>\nCEP: 04001-081<br \/>\nS\u00e3o Paulo \u2013 SP<\/div><\/div><\/div><div class=\"cz_gap clr  hide_on_tablet hide_on_mobile\" style=\"height: 125px\"><\/div><div class=\"cz_gap show_on_tablet clr \" style=\"height: 50px\"><\/div><div id=\"cz_90405\" class=\"cz_90405 cz_social_icons cz_social clr cz_social_fx_10 tac cz_social_colored_bg_hover cz_tooltip cz_tooltip_up\"><a href=\"https:\/\/www.facebook.com\/techmagdsi\/\" class=\"cz-facebook\" target=\"_blank\" rel=\"noopener noreferrer\" data-title=\"Facebook\" aria-label=\"Facebook\"><i class=\"fa fa-facebook\"><\/i><\/a><a href=\"https:\/\/www.instagram.com\/techmag_autenticacao_biometria\/\" class=\"cz-instagram\" target=\"_blank\" rel=\"noopener noreferrer\" data-title=\"Instagram\" aria-label=\"Instagram\"><i class=\"fab fa-instagram\"><\/i><\/a><a href=\"https:\/\/www.linkedin.com\/company\/techmag-equipamentos-comercio-e-servi-o-ltda\/\" class=\"cz-linkedin\" target=\"_blank\" rel=\"noopener noreferrer\" data-title=\"Linkedin\" aria-label=\"Linkedin\"><i class=\"fa fa-linkedin\"><\/i><\/a><\/div><div class=\"cz_gap clr  hide_on_tablet hide_on_mobile\" style=\"height: 0px\"><\/div><div class=\"cz_gap show_on_tablet clr \" style=\"height: 25px\"><\/div>[\/vc_column_inner][\/vc_row_inner]<\/div><\/div><\/div><\/div><\/div>[\/vc_column][\/vc_row][vc_row full_width=&#8221;stretch_row_content_no_spaces&#8221;][vc_column]<a href=\"https:\/\/www.google.com\/maps\/place\/R.+Manuel+da+N%C3%B3brega,+211+-+cj+91+-+Para%C3%ADso,+S%C3%A3o+Paulo+-+SP,+04535-110\/@-23.569757,-46.649388,16z\/data=!4m5!3m4!1s0x94ce59bf0604021d:0x54d8e8438e5c1e88!8m2!3d-23.5697566!4d-46.6493883?hl=pt-BR\" target=\"_blank\"><div id=\"cz_38187\" class=\"cz_38187 cz_image clr cz_image_no_fx center_on_mobile\"><div class=\"\" ><div class=\"cz_image_in\"><div class=\"cz_main_image\"><img decoding=\"async\" width=\"1600\" height=\"505\" src=\"https:\/\/techmag.com.br\/site\/wp-content\/uploads\/2022\/11\/mapa-localizacao-techmag.webp\" class=\"attachment-full\" alt=\"\" title=\"Techmag | R. Manuel da Nobrega, 211 Cj 91 \u2013 Para\u00edso CEP: 04001-081 S\u00e3o Paulo \u2013 SP\" srcset=\"https:\/\/techmag.com.br\/site\/wp-content\/uploads\/2022\/11\/mapa-localizacao-techmag.webp 1600w, https:\/\/techmag.com.br\/site\/wp-content\/uploads\/2022\/11\/mapa-localizacao-techmag-300x95.webp 300w, https:\/\/techmag.com.br\/site\/wp-content\/uploads\/2022\/11\/mapa-localizacao-techmag-1024x323.webp 1024w, https:\/\/techmag.com.br\/site\/wp-content\/uploads\/2022\/11\/mapa-localizacao-techmag-768x242.webp 768w, https:\/\/techmag.com.br\/site\/wp-content\/uploads\/2022\/11\/mapa-localizacao-techmag-1536x485.webp 1536w, https:\/\/techmag.com.br\/site\/wp-content\/uploads\/2022\/11\/mapa-localizacao-techmag-600x189.webp 600w\" sizes=\"(max-width: 1600px) 100vw, 1600px\" \/><\/div><\/div><\/div><\/div><\/a>[\/vc_column][\/vc_row]<\/p>\n<\/section>","protected":false},"excerpt":{"rendered":"<p>\t\t\t\t\t\t &#8230; <\/p>\n","protected":false},"author":1,"featured_media":0,"parent":0,"menu_order":0,"comment_status":"closed","ping_status":"closed","template":"","meta":{"footnotes":"","_links_to":"","_links_to_target":""},"yoast_head":"<!-- This site is optimized with the Yoast SEO plugin v22.9 - https:\/\/yoast.com\/wordpress\/plugins\/seo\/ -->\n<title>Fale Conosco - Techmag<\/title>\n<meta name=\"robots\" content=\"index, follow, max-snippet:-1, max-image-preview:large, max-video-preview:-1\" \/>\n<link rel=\"canonical\" href=\"https:\/\/techmag.com.br\/site\/fale-conosco\/\" \/>\n<meta property=\"og:locale\" content=\"pt_BR\" \/>\n<meta property=\"og:type\" content=\"article\" \/>\n<meta property=\"og:title\" content=\"Fale Conosco - Techmag\" \/>\n<meta property=\"og:description\" content=\"...\" \/>\n<meta property=\"og:url\" content=\"https:\/\/techmag.com.br\/site\/fale-conosco\/\" \/>\n<meta property=\"og:site_name\" content=\"Techmag\" \/>\n<meta property=\"article:publisher\" content=\"https:\/\/www.facebook.com\/techmagdsi\/\" \/>\n<meta property=\"article:modified_time\" content=\"2024-03-07T17:56:30+00:00\" \/>\n<meta name=\"twitter:card\" content=\"summary_large_image\" \/>\n<meta name=\"twitter:label1\" content=\"Est. tempo de leitura\" \/>\n\t<meta name=\"twitter:data1\" content=\"4 minutos\" \/>\n<script type=\"application\/ld+json\" class=\"yoast-schema-graph\">{\"@context\":\"https:\/\/schema.org\",\"@graph\":[{\"@type\":\"WebPage\",\"@id\":\"https:\/\/techmag.com.br\/site\/fale-conosco\/\",\"url\":\"https:\/\/techmag.com.br\/site\/fale-conosco\/\",\"name\":\"Fale Conosco - Techmag\",\"isPartOf\":{\"@id\":\"https:\/\/techmag.com.br\/site\/#website\"},\"datePublished\":\"2018-05-29T11:14:04+00:00\",\"dateModified\":\"2024-03-07T17:56:30+00:00\",\"breadcrumb\":{\"@id\":\"https:\/\/techmag.com.br\/site\/fale-conosco\/#breadcrumb\"},\"inLanguage\":\"pt-BR\",\"potentialAction\":[{\"@type\":\"ReadAction\",\"target\":[\"https:\/\/techmag.com.br\/site\/fale-conosco\/\"]}]},{\"@type\":\"BreadcrumbList\",\"@id\":\"https:\/\/techmag.com.br\/site\/fale-conosco\/#breadcrumb\",\"itemListElement\":[{\"@type\":\"ListItem\",\"position\":1,\"name\":\"In\u00edcio\",\"item\":\"https:\/\/techmag.com.br\/site\/\"},{\"@type\":\"ListItem\",\"position\":2,\"name\":\"Fale Conosco\"}]},{\"@type\":\"WebSite\",\"@id\":\"https:\/\/techmag.com.br\/site\/#website\",\"url\":\"https:\/\/techmag.com.br\/site\/\",\"name\":\"Techmag\",\"description\":\"Data, Security &amp; Information\",\"publisher\":{\"@id\":\"https:\/\/techmag.com.br\/site\/#organization\"},\"potentialAction\":[{\"@type\":\"SearchAction\",\"target\":{\"@type\":\"EntryPoint\",\"urlTemplate\":\"https:\/\/techmag.com.br\/site\/?s={search_term_string}\"},\"query-input\":\"required name=search_term_string\"}],\"inLanguage\":\"pt-BR\"},{\"@type\":\"Organization\",\"@id\":\"https:\/\/techmag.com.br\/site\/#organization\",\"name\":\"Techmag\",\"url\":\"https:\/\/techmag.com.br\/site\/\",\"logo\":{\"@type\":\"ImageObject\",\"inLanguage\":\"pt-BR\",\"@id\":\"https:\/\/techmag.com.br\/site\/#\/schema\/logo\/image\/\",\"url\":\"https:\/\/techmag.com.br\/site\/wp-content\/uploads\/2022\/05\/logotipo.png\",\"contentUrl\":\"https:\/\/techmag.com.br\/site\/wp-content\/uploads\/2022\/05\/logotipo.png\",\"width\":500,\"height\":116,\"caption\":\"Techmag\"},\"image\":{\"@id\":\"https:\/\/techmag.com.br\/site\/#\/schema\/logo\/image\/\"},\"sameAs\":[\"https:\/\/www.facebook.com\/techmagdsi\/\",\"https:\/\/www.linkedin.com\/company\/techmag-equipamentos-comercio-e-servi-o-ltda\/\"]}]}<\/script>\n<!-- \/ Yoast SEO plugin. -->","yoast_head_json":{"title":"Fale Conosco - Techmag","robots":{"index":"index","follow":"follow","max-snippet":"max-snippet:-1","max-image-preview":"max-image-preview:large","max-video-preview":"max-video-preview:-1"},"canonical":"https:\/\/techmag.com.br\/site\/fale-conosco\/","og_locale":"pt_BR","og_type":"article","og_title":"Fale Conosco - Techmag","og_description":"...","og_url":"https:\/\/techmag.com.br\/site\/fale-conosco\/","og_site_name":"Techmag","article_publisher":"https:\/\/www.facebook.com\/techmagdsi\/","article_modified_time":"2024-03-07T17:56:30+00:00","twitter_card":"summary_large_image","twitter_misc":{"Est. tempo de leitura":"4 minutos"},"schema":{"@context":"https:\/\/schema.org","@graph":[{"@type":"WebPage","@id":"https:\/\/techmag.com.br\/site\/fale-conosco\/","url":"https:\/\/techmag.com.br\/site\/fale-conosco\/","name":"Fale Conosco - Techmag","isPartOf":{"@id":"https:\/\/techmag.com.br\/site\/#website"},"datePublished":"2018-05-29T11:14:04+00:00","dateModified":"2024-03-07T17:56:30+00:00","breadcrumb":{"@id":"https:\/\/techmag.com.br\/site\/fale-conosco\/#breadcrumb"},"inLanguage":"pt-BR","potentialAction":[{"@type":"ReadAction","target":["https:\/\/techmag.com.br\/site\/fale-conosco\/"]}]},{"@type":"BreadcrumbList","@id":"https:\/\/techmag.com.br\/site\/fale-conosco\/#breadcrumb","itemListElement":[{"@type":"ListItem","position":1,"name":"In\u00edcio","item":"https:\/\/techmag.com.br\/site\/"},{"@type":"ListItem","position":2,"name":"Fale Conosco"}]},{"@type":"WebSite","@id":"https:\/\/techmag.com.br\/site\/#website","url":"https:\/\/techmag.com.br\/site\/","name":"Techmag","description":"Data, Security &amp; Information","publisher":{"@id":"https:\/\/techmag.com.br\/site\/#organization"},"potentialAction":[{"@type":"SearchAction","target":{"@type":"EntryPoint","urlTemplate":"https:\/\/techmag.com.br\/site\/?s={search_term_string}"},"query-input":"required name=search_term_string"}],"inLanguage":"pt-BR"},{"@type":"Organization","@id":"https:\/\/techmag.com.br\/site\/#organization","name":"Techmag","url":"https:\/\/techmag.com.br\/site\/","logo":{"@type":"ImageObject","inLanguage":"pt-BR","@id":"https:\/\/techmag.com.br\/site\/#\/schema\/logo\/image\/","url":"https:\/\/techmag.com.br\/site\/wp-content\/uploads\/2022\/05\/logotipo.png","contentUrl":"https:\/\/techmag.com.br\/site\/wp-content\/uploads\/2022\/05\/logotipo.png","width":500,"height":116,"caption":"Techmag"},"image":{"@id":"https:\/\/techmag.com.br\/site\/#\/schema\/logo\/image\/"},"sameAs":["https:\/\/www.facebook.com\/techmagdsi\/","https:\/\/www.linkedin.com\/company\/techmag-equipamentos-comercio-e-servi-o-ltda\/"]}]}},"_links":{"self":[{"href":"https:\/\/techmag.com.br\/site\/wp-json\/wp\/v2\/pages\/11531"}],"collection":[{"href":"https:\/\/techmag.com.br\/site\/wp-json\/wp\/v2\/pages"}],"about":[{"href":"https:\/\/techmag.com.br\/site\/wp-json\/wp\/v2\/types\/page"}],"author":[{"embeddable":true,"href":"https:\/\/techmag.com.br\/site\/wp-json\/wp\/v2\/users\/1"}],"replies":[{"embeddable":true,"href":"https:\/\/techmag.com.br\/site\/wp-json\/wp\/v2\/comments?post=11531"}],"version-history":[{"count":0,"href":"https:\/\/techmag.com.br\/site\/wp-json\/wp\/v2\/pages\/11531\/revisions"}],"wp:attachment":[{"href":"https:\/\/techmag.com.br\/site\/wp-json\/wp\/v2\/media?parent=11531"}],"curies":[{"name":"wp","href":"https:\/\/api.w.org\/{rel}","templated":true}]}}